5.
5, 7, 139
What are the prime factors of 2242?
2, 19, 59
List the prime factors of 21387.
3, 7129
List the prime factors of 6911.
6911
What are the prime factors of 1531?
1531
What are the prime factors of 1012?
2, 11, 23
What are the prime factors of 182826?
2, 3, 7, 1451
List the prime factors of 94197.
3, 17, 1847
What are the prime factors of 105310?
2, 5, 10531
List the prime factors of 1103.
1103
What are the prime factors of 3341?
13, 257
List the prime factors of 9058.
2, 7, 647
What are the prime factors of 1058?
2, 23
List the prime factors of 20717.
20717
What are the prime factors of 878?
2, 439
List the prime factors of 1372.
2, 7
List the prime factors of 52361.
52361
What are the prime factors of 376?
2, 47
List the prime factors of 2434.
2, 1217
List the prime factors of 3439.
19, 181
What are the prime factors of 1457?
31, 47
What are the prime factors of 14076?
2, 3, 17, 23
List the prime factors of 696.
2, 3, 29
What are the prime factors of 125817?
3, 17, 2467
What are the prime factors of 5437?
5437
List the prime factors of 1338.
2, 3, 223
What are the prime factors of 23224?
2, 2903
What are the prime factors of 3640?
2, 5, 7, 13
List the prime factors of 1697.
1697
List the prime factors of 1114.
2, 557
List the prime factors of 1190.
2, 5, 7, 17
What are the prime factors of 13724?
2, 47, 73
What are the prime factors of 14288?
2, 19, 47
List the prime factors of 9765.
3, 5, 7, 31
List the prime factors of 4419.
3, 491
List the prime factors of 14967.
3, 1663
What are the prime factors of 211?
211
What are the prime factors of 913?
11, 83
What are the prime factors of 119081?
193, 617
What are the prime factors of 26806?
2, 13, 1031
What are the prime factors of 2824?
2, 353
List the prime factors of 6075.
3, 5
List the prime factors of 25760.
2, 5, 7, 23
What are the prime factors of 5189?
5189
What are the prime factors of 3461?
3461
What are the prime factors of 21294?
2, 3, 7, 13
What are the prime factors of 30935?
5, 23, 269
List the prime factors of 18259.
19, 31
List the prime factors of 9039.
3, 23, 131
What are the prime factors of 288?
2, 3
What are the prime factors of 112793?
149, 757
List the prime factors of 325.
5, 13
List the prime factors of 4201.
4201
List the prime factors of 1405.
5, 281
What are the prime factors of 35362?
2, 17681
What are the prime factors of 11847?
3, 11, 359
List the prime factors of 158405.
5, 13, 2437
What are the prime factors of 7035?
3, 5, 7, 67
List the prime factors of 3898.
2, 1949
List the prime factors of 100866.
2, 3, 16811
List the prime factors of 6014.
2, 31, 97
List the prime factors of 8938.
2, 41, 109
List the prime factors of 9275.
5, 7, 53
List the prime factors of 675.
3, 5
What are the prime factors of 1125?
3, 5
What are the prime factors of 705?
3, 5, 47
List the prime factors of 787.
787
List the prime factors of 24206.
2, 7, 13, 19
What are the prime factors of 743?
743
What are the prime factors of 9906?
2, 3, 13, 127
What are the prime factors of 4447?
4447
List the prime factors of 15615.
3, 5, 347
What are the prime factors of 4171?
43, 97
What are the prime factors of 43224?
2, 3, 1801
What are the prime factors of 5800?
2, 5, 29
List the prime factors of 1561.
7, 223
List the prime factors of 55049.
55049
List the prime factors of 2343.
3, 11, 71
What are the prime factors of 27118?
2, 7, 13, 149
What are the prime factors of 25828?
2, 11, 587
What are the prime factors of 2475?
3, 5, 11
List the prime factors of 819.
3, 7, 13
List the prime factors of 1577.
19, 83
What are the prime factors of 21622?
2, 19, 569
List the prime factors of 998.
2, 499
List the prime factors of 192.
2, 3
List the prime factors of 3903.
3, 1301
What are the prime factors of 4288?
2, 67
What are the prime factors of 12036?
2, 3, 17, 59
What are the prime factors of 996?
2, 3, 83
What are the prime factors of 13499?
13499
List the prime factors of 1136.
2, 71
What are the prime factors of 51144?
2, 3, 2131
List the prime factors of 32841.
3, 41, 89
What are the prime factors of 11501?
7, 31, 53
List the prime factors of 7842.
2, 3, 1307
List the prime factors of 1905.
3, 5, 127
List the prime factors of 5255.
5, 1051
What are the prime factors of 8879?
13, 683
List the prime factors of 1966.
2, 983
List the prime factors of 54.
2, 3
List the prime factors of 35803.
35803
List the prime factors of 788.
2, 197
What are the prime factors of 844?
2, 211
List the prime factors of 5744.
2, 359
What are the prime factors of 4903?
4903
List the prime factors of 34341.
3, 11447
List the prime factors of 7049.
7, 19, 53
List the prime factors of 15254.
2, 29, 263
List the prime factors of 4507.
4507
List the prime factors of 129455.
5, 17, 1523
What are the prime factors of 2976?
2, 3, 31
What are the prime factors of 449?
449
List the prime factors of 347.
347
What are the prime factors of 38918?
2, 11, 29, 61
List the prime factors of 129816.
2, 3, 601
List the prime factors of 2315.
5, 463
What are the prime factors of 4928?
2, 7, 11
What are the prime factors of 3707?
11, 337
List the prime factors of 294.
2, 3, 7
List the prime factors of 188698.
2, 94349
What are the prime factors of 1603?
7, 229
List the prime factors of 2236.
2, 13, 43
What are the prime factors of 837?
3, 31
What are the prime factors of 40381?
11, 3671
List the prime factors of 38591.
7, 37, 149
List the prime factors of 2004.
2, 3, 167
List the prime factors of 5165.
5, 1033
List the prime factors of 27513.
3, 1019
List the prime factors of 10550.
2, 5, 211
List the prime factors of 48226.
2, 24113
What are the prime factors of 764?
2, 191
What are the prime factors of 36321?
3, 12107
List the prime factors of 146.
2, 73
List the prime factors of 22943.
22943
What are the prime factors of 12076?
2, 3019
List the prime factors of 5944.
2, 743
What are the prime factors of 1241?
17, 73
List the prime factors of 67431.
3, 7, 13, 19
What are the prime factors of 352?
2, 11
What are the prime factors of 69518?
2, 34759
What are the prime factors of 38212?
2, 41, 233
What are the prime factors of 13064?
2, 23, 71
What are the prime factors of 35794?
2, 11, 1627
What are the prime factors of 15219?
3, 19, 89
What are the prime factors of 15755?
5, 23, 137
List the prime factors of 130560.
2, 3, 5, 17
List the prime factors of 21098.
2, 7, 11, 137
What are the prime factors of 165722?
2, 41, 43, 47
What are the prime factors of 27790?
2, 5, 7, 397
List the prime factors of 1321.
1321
List the prime factors of 3579.
3, 1193
What are the prime factors of 14919?
3, 4973
What are the prime factors of 9619?
9619
List the prime factors of 963.
3, 107
List the prime factors of 81787.
17, 283
List the prime factors of 106200.
2, 3, 5, 59
What are the prime factors of 4722?
2, 3, 787
List the prime factors of 224.
2, 7
What are the prime factors of 1226?
2, 613
List the prime factors of 357.
3, 7, 17
What are the prime factors of 1441?
11, 131
What are the prime factors of 8466?
2, 3, 17, 83
List the prime factors of 757.
757
List the prime factors of 1526.
2, 7, 109
What are the prime factors of 64144?
2, 19, 211
What are the prime factors of 500?
2, 5
What are the prime factors of 8264?
2, 1033
List the prime factors of 544.
2, 17
List the prime factors of 709.
709
List the prime factors of 1117.
1117
List the prime factors of 515.
5, 103
What are the prime factors of 40672?
2, 31, 41
List the prime factors of 623.
7, 89
List the prime factors of 26524.
2, 19, 349
What are the prime factors of 10287?
3, 127
What are the prime factors of 20491?
31, 661
List the prime factors of 90992.
2, 11, 47
What are the prime factors of 784?
2, 7
What are the prime factors of 1424?
2, 89
List the prime factors of 3583.
3583
List the prime factors of 10288.
2, 643
List the prime factors of 3271.
3271
What are the prime factors of 5667?
3, 1889
What are the prime factors of 5984?
2, 11, 17
List the prime factors of 1625.
5, 13
List the prime factors of 40260.
2, 3, 5, 11, 61
List the prime factors of 158.
2, 79
What are the prime factors of 1303?
1303
What are the prime factors of 1959?
3, 653
List the prime factors of 3786.
2, 3, 631
What are the prime factors of 9407?
23, 409
What are the prime factors of 3370?
2, 5, 337
L